 - 60.
-76
Evaluate -15 + 181 + -24 - ((6 - (-7 - -2)) + -2).
133
What is the value of 33 + (53 - 50 - -47)?
83
70 + -118 + 43 + -41
-46
Evaluate -5 + 48 + -68 - -58.
33
Calculate (41 - (1 - -5)) + (45 - (21 + 6)).
53
Evaluate (-5 - 2 - -10) + (-61 - -49) - -55.
46
What is the value of -3 + 48 + -19 + 6 - -15?
47
What is -4 + -1 + (-42 - (-46 - 39)) + -3?
35
8 + (-2 + (9 - -3) - (494 - 461))
-15
Calculate (-85 + 74 - (-1 - (-4 - (1 + -13)))) + 53.
51
88 + (13 + -1 - (14 + -9 + 9)) + 5
91
70 + -135 - -28 - 18
-55
What is the value of 21 - (6 - -24 - 48)?
39
Evaluate -61 + 120 + -24 + 18.
53
What is the value of (-79 + 58 - (-43 - -3)) + 17?
36
Evaluate -29 + 0 + -9 - (-16 + 18 - 3).
-37
Calculate -1 + 64 - (-2026 + 2113).
-24
Calculate -2 - -1 - -4 - (-1 + (5 - 5 - 9)).
13
What is the value of 0 - (-36 + -47 + 112)?
-29
What is (-45 - (1 + -1)) + (-49 - (-51 + 5))?
-48
-2 + (-23 - 5 - -33) + -2 + 0 + 73
74
What is 45 + 8 + 7 + (-6 - -17 - 7) - 6?
58
Evaluate (-6 - 0) + -9 + 12 + (39 - -3).
39
What is the value of -64 - -54 - (-6 + 6 + -13 + 0)?
3
Evaluate -9 + (-12 - (2 - 11)) - -12 - 23.
-23
Calculate (9 - -10 - 14) + -12 + (-11 + 15 - 2).
-5
What is -75 + (16 - -62) - (-13 + 3)?
13
What is the value of 126 + (-44 - 8 - 12)?
62
Calculate -6 - 1 - (0 + 29 + (133 - 171)).
2
(-2 - 3) + 2 - ((83 - 102) + 15)
1
5 - 0 - 17 - (-24 + 34 + -3 - 25)
6
What is -844 + 891 + (-30 - -1) + -50?
-32
Calculate -1 + -9 + (1368 + -1395 - (-26 - -1)).
-12
23 + -60 + (-1 - 1) + 1 + (-2 - -6)
-34
(52 - -12) + -21 + -14
29
Evaluate 80 + (0 - 4) + -16 - 11.
49
What is the value of -20 + 44 + -23 + 9 + -20?
-10
(22 - (-22 - -29)) + -5 + -13 + 0 + -35
-38
Calculate 6 + 11 + -1 + -26 - -72.
62
Calculate 8 + -42 + 40 + 57.
63
Evaluate (-1 - 1) + -12 - (4864 - 4856).
-22
(-32 - 0) + -1811 + 1839
-4
What is (-25 - (2 - 2 - 22)) + -20?
-23
Calculate 4 + -14 + 11 - 12 - (-6 + 25).
-30
Evaluate (31 - 28 - (0 + -5)) + (3 - 37).
-26
Evaluate 2 + (-15 - (21 - 42)) - -10.
18
Calculate 9 + -32 + -10 + -13 + 14.
-32
6 + (1 - -33) + -48
-8
What is -53 + 0 + 52 - (-1 + -7)?
7
0 + -47 + -265 + 303
-9
What is -23 + 78 + -4 - 49?
2
Evaluate 2 - 10 - (-713 + 750) - 28.
-73
-1 + -31 + (35 - 10) + (44 - 0)
37
Calculate -49 + -1 + 37 + (36 - 68).
-45
What is (-7 + 9 - -4) + -2 + -8 - (29 - 41)?
8
What is -30 + (-155 + 176 - (-2 - 2))?
-5
What is the value of -2327 + 2389 + 0 + -8?
54
(1 - 0) + (-2 - 17) + 22 + -3
1
80 + -52 + (13 - 36)
5
What is (-9 - 8 - -42) + -12 - -3?
16
Calculate (21 - (-13 - (-42 + 11))) + (28 - 0).
31
9 - (-52 - -256) - -90
-105
Calculate (-2 - 5 - (-159 + 160)) + 16 - -12.
20
Calculate (-2 - -2) + -3 + (-8 - (46 - (40 + 4))).
-13
Evaluate -260 + 150 - -143 - -43.
76
What is the value of -6 - ((1 - -7) + (-10 - 8) + -4) - -91?
99
(4 + 3 - 20) + 33 + 13
33
Evaluate -18 + -2 + 7 + 31 + -46 + 3.
-25
-5 - (19 - 115 - (-12 + 3) - 9)
91
Calculate 4 + 92 + 4 - (37 + -81 + 30).
114
What is the value of (-5 - -30) + (-14 - (30 - 54))?
35
What is (-25 - -7) + (13 + (-16 - -15) - 39)?
-45
Calculate (-7 - 1 - -3) + (-40 + 2 - (-193 - -156)).
-6
What is the value of (0 - (7 - -1)) + 116 + -130 + (4 - -20)?
2
What is the value of 39 - (54 + -14 - 33)?
32
(-73 - -5) + 32 + -12
-48
What is 27 + (33 - (115 + -25))?
-30
Evaluate (114 - (-1 - (-27 + 12))) + -14.
86
102 + -154 - (-95 - 0)
43
236 - 13 - 113 - 62
48
Evaluate -87 + 1 + 3 + (-229 - -188).
-124
5 + -1 + 12 + -39 + 13 - 18
-28
Evaluate -2036 + 2081 - (14 - (3 + 0) - (8 - 5)).
37
17 + -17 + (0 - 84) + 4 + -8 + 6
-82
-122 - -84 - (-1 - -14)
-51
Calculate -8 + 0 + -9 - (-447 + 518).
-88
Evaluate -3 + 2 + -33 + 19 + 62 + -5.
42
What is (-153 - -121) + 17 + 87?
72
What is 19 - ((-1 - (-8 + 12)) + 16 + -18 + -3)?
29
Evaluate 39 - (0 - (0 - 51 - -16)).
4
What is 9 + (-2 - 21) - -17 - -9?
12
Calculate 61 - (10 - -16 - 7 - -2).
40
Calculate -31 - (-93 + 50) - -39.
51
What is the value of -32 - (51 + -74) - 41?
-50
What is (-331 - -301) + (-6 - 12) + 85?
37
What is the value of 3 + (-37 - 60 - -47)?
-47
Evaluate (-10 - (4 + -2) - -2) + 85 + -67 + 12.
20
What is 46 - (2 - 1 - (-328 - -316))?
33
Calculate 117 + (10 + -56 + 18 - 7).
82
What is -3 + 14 + 7 - (-16 + (-7 - 48))?
89
What is 1 + 0 + 67 + (-22 + (131 - 74) - 28)?
75
Evaluate 2 + -19 + 1 - (-5929 + 5891).
22
Evaluate (-4 - (10 + -2 + -12)) + (2 - -20).
22
Evaluate 9 + 22 - (-78 + 144).
-35
What is the value of -8 + 5 + -2 - (-9 - (60 + 61))?
125
Evaluate 1148 + -1225 - (-2 - -5).
-80
What is the value of 96 + -59 + 70 - 23?
84
Evaluate 49 + -467 + 515 + (1 - 173).
-75
What is the value of -263 - -164 - (-5 + 5 + -3 - (-5 - -8))?
-93
(272 + -302 - (3 - 2)) + (28 - 4)
-7
Evaluate (56 - -111) + 21 + -104.
84
Evaluate 4 - (22 - (26 + -10 - -100) - (-6 + -1)).
91
What is 75 - (15 + 19 - -16)?
25
What is 81 + (100 - (27 - -150))?
4
Calculate 49 + (-21 - -1 - (3882 - 3740)).
-113
What is the value of (1 - 1) + 37 - (21397 - 21423)?
63
-4 - (-10 + -9 + -2 - 16)
33
Evaluate -11 - (15 - 4) - (-92 - -38).
32
What is the value of -162 - (-16 + -58) - -37?
-51
Calculate 52 + (-67 - 23) - -15.
-23
What is 45 - (-1 + 41 + -43)?
48
-58 + 4 - (-14 + -17 + 30)
-53
What is the value of 79 - (-52 + (120 - -3))?
8
What is -2 + -28 - (-3 - (-8 - (0 + -4 + -8)))?
-23
What is the value of 89 + -47 - (-4 + -7 + 14 + 3)?
36
Calculate 59 + 3 + (63 - 58 - (16 + (3 - 3))).
51
-281 + 168 + (9 - (-2 - 6))
-96
Calculate 3 + -6 + -13 - (236 - 272).
20
Evaluate -35 + (92 - 34) + 22 - (16 + -1).
30
-37 - -15 - (-14 - -32 - 22)
-18
Calculate 11 + 11 + -21 + 10 + (-64 - -5) + 14.
-34
-3 + (98 - 0) - (38 - (7 - -29))
93
What is the value of -1447 + 1508 + -11 + 0?
50
What is (5 + -1 - 2) + 1 + 10 - (92 + -181)?
102
Evaluate (23 - 6 - 8) + -76 - -19.
-48
Calculate -35 + 36 - -46 - 25.
22
What is 0 - -3 - (34 + -39) - -23 - (10 + -2)?
23
Evaluate -90 + (84 - 19 - 15).
-40
Evaluate (12 - 14) + -15 + 23 + -6 + (1 - -92).
93
What is the value of -9 - 2 - (3 + 11 - -34)?
-59
Evaluate 68 + (-43 + 11 + 2 + 10 - -1).
49
Calculate (-36 - -42 - 106) + (46 - 10).
-64
Evaluate -1 + 44 + 98 + -222 + 110.
29
Evaluate (-1 - 85 - ((-47 - 27) + 86)) + 10 + -1.
-89
75 + -36 + (-19 - -27)
47
Evaluate 18 + 7 + (-2 - 2 - (163 - 171)).
29
What is the value of -495 + 513 - (-4 - -54)?
-32
What is the value of 4 - (13 + -26) - (40 + -18)?
-5
Evaluate 4422 - 4449 - (-100 + -1 - -2).
72
11 + (-27 - (-64 - 12 - -22))
38
What is the value of 50 - -4 - (-4 + -6 - 17 - -17)?
64
0 - (23 + (-68 - -139))
-94
Evaluate 9 - (66 + 1 + -7) - 2.
-53
Evaluate -60 + 40 + 3 + -1 + (16 + -36 - -18).
-20
-7 - (-18 - -2) - (-4 - (-2 + -46))
-35
Evaluate 3 + -28 + (14 - 8) + (334 - 308).
7
Evaluate 17 + -99 + 110 + -66.
-38
Evaluate (-105 + 213 - -19) + -97.
30
Evaluate 4631 - 4651 - (58 - -1).
-79
What is the value of -35 + 68 + 16 + -88?
-39
What is the value of 11 + -60 + -36 + 60?
-25
Evaluate 41 - (-1 + 0 + 2 + 3 + (377 - 382)).
42
Calculate 82 - 33 - 47 - (-1 - (-54 + 1)).
-50
(3857 - 3835) + (1 - 46)
-23
What is the value of 325 + -283 + (5 - 1)?
46
Calculate 499 + (58 - 568) + 25 + 1 + (0 - 0).
15
What is the value of (-1275 - -1303) + 4 + (0 - 1) + -37 + 31?
25
What is the value of 28 + 1 + -31 + -8 + 1 - 17?
-26
(-174 - -159) + (-2 - (11 - 2))
-26
What is 90 + -67 + 36 + -111?
-52
Evaluate -345 + 341 - (1 + (-39 - 0)) - (16 + -6).
24
Calculate 41 + -20 + 7 + -7 + 8 + 9 - 2.
36
What is the value of 36 + -28 - -51 - (-3 - -4)?
58
Calculate (24 - 0) + (-125 - -90) - (-2 + -74).
65
Calculate -36 + -49 - -43 - (-6 - (-1 + 1)).
-36
Calculate (-14 - -60) + 3 + -32.
17
What is the value of -5 + (-1 + -86 - (3 + (-20 - -6) + 13))?
-94
-885 - -715 - -162 - (-1 - (-1 + -59))
-67
What is the value of (-2 - -12) + (1 + 23 - (-2 + 23)) + 7?
20
What is the value of 11 - -1 - (-2 + 15 + -43 + 28 + 49)?
-35
What is -63 + (80 - -16 - 49)?
-16
Calculate -5 + (-4 - (9 - 0)) - (-4 + 10).
-24
Evaluate 1592 + -1589 + (-52 + -1 - -3).
-47
Evaluate 76 + -59 + 37 - 71.
-17
Evaluate 101 + 30 + (47 - 125).
53
What is 11 + -12 + -4 + 1 + (-1 - -8)?
3
Calculate (81 - (2 + 30) - (6 - -3)) + 8.
48
163 - (111 + -21) - 11
62
What is the value of (5 - 15) + 6 + 110 + -107?
-1
What is -1 + -17 + 23 + (4 - (1 + 6 - 5))?
7
What is the value of -19 + 1 - (86 + -40 - 30)?
-34
Evaluate (